{"id":61,"date":"2021-10-14T15:35:13","date_gmt":"2021-10-14T13:35:13","guid":{"rendered":"http:\/\/comportementaliste92.com\/?page_id=61"},"modified":"2026-03-31T10:46:28","modified_gmt":"2026-03-31T08:46:28","slug":"nos-chats","status":"publish","type":"page","link":"https:\/\/comportementaliste92.com\/index.php\/nos-chats\/","title":{"rendered":"coach f\u00e9lin"},"content":{"rendered":"\n<p><\/p>\n\n\n\n<h3 class=\"wp-block-heading\"><strong>Sp\u00e9cialiste du comportement du chat <\/strong><\/h3>\n\n\n\n<p>Votre chat urine en dehors de sa liti\u00e8re ? Il devient agressif ? Se cache en permanence ? Est stress\u00e9 ? En tant que comportementaliste chat, j\u2019accompagne les propri\u00e9taires dans la compr\u00e9hension des troubles comportementaux f\u00e9lins.<\/p>\n\n\n\n<p>Les probl\u00e8mes de malpropret\u00e9, d\u2019agressivit\u00e9 ou de stress sont souvent li\u00e9s \u00e0 un d\u00e9s\u00e9quilibre environnemental ou \u00e9motionnel. Mon intervention \u00e0 domicile permet d\u2019analyser pr\u00e9cis\u00e9ment les causes et de proposer des ajustements adapt\u00e9s.<\/p>\n\n\n\n<p>\ud83c\udf81&nbsp;<strong>Bilan comportemental<\/strong>&nbsp;<strong>(1h30 \u2013 2h00): 130 \u20ac<\/strong><\/p>\n\n\n\n<p><strong>S\u00e9ance suppl\u00e9mentaire si besoin : 60 \u20ac<\/strong><\/p>\n\n\n\n<p>En g\u00e9n\u00e9ral, un seul rendez-vous suffit pour le chat.<\/p>\n\n\n\n<h2 class=\"wp-block-heading\">\ud83d\udccd Zone d\u2019intervention: \u00e0 votre domicile<\/h2>\n\n\n\n<blockquote class=\"wp-block-quote is-layout-flow wp-block-quote-is-layout-flow\">\n<p><strong>Ch\u00e2tenay-Malabry + 15 km<\/strong><br>Paris \u2022 Boulogne-Billancourt \u2022 Sceaux \u2022 Antony \u2022 Le Plessis-Robinson \u2022 Verri\u00e8res-le-Buisson \u2022 Fontenay-aux-Roses \u2022 Clamart \u2022 etc.<\/p>\n<\/blockquote>\n","protected":false},"excerpt":{"rendered":"<p>Sp\u00e9cialiste du comportement du chat Votre chat urine en dehors de sa liti\u00e8re ? Il devient agressif ? Se cache en permanence ? Est stress\u00e9 ? En tant que comportementaliste chat, j\u2019accompagne les propri\u00e9taires dans la compr\u00e9hension des troubles comportementaux f\u00e9lins. Les probl\u00e8mes de malpropret\u00e9, d\u2019agressivit\u00e9 ou de stress sont souvent li\u00e9s \u00e0 un d\u00e9s\u00e9quilibre &hellip; <\/p>\n<p class=\"link-more\"><a href=\"https:\/\/comportementaliste92.com\/index.php\/nos-chats\/\" class=\"more-link\">Continuer la lecture<span class=\"screen-reader-text\"> de &laquo;&nbsp;coach f\u00e9lin&nbsp;&raquo;<\/span><\/a><\/p>\n","protected":false},"author":1,"featured_media":0,"parent":0,"menu_order":0,"comment_status":"closed","ping_status":"closed","template":"","meta":{"_monsterinsights_skip_tracking":false,"_monsterinsights_sitenote_active":false,"_monsterinsights_sitenote_note":"","_monsterinsights_sitenote_category":0,"_uf_show_specific_survey":0,"_uf_disable_surveys":false,"footnotes":""},"class_list":["post-61","page","type-page","status-publish","hentry"],"aioseo_notices":[],"yoast_head":"<!-- This site is optimized with the Yoast SEO plugin v27.3 - https:\/\/yoast.com\/product\/yoast-seo-wordpress\/ -->\n<title>coach f\u00e9lin - Comportementaliste chien &amp; chat, Sp\u00e9cialiste de l\u2019anxi\u00e9t\u00e9, du stress et des peurs<\/title>\n<meta name=\"robots\" content=\"index, follow, max-snippet:-1, max-image-preview:large, max-video-preview:-1\" \/>\n<link rel=\"canonical\" href=\"https:\/\/comportementaliste92.com\/index.php\/nos-chats\/\" \/>\n<meta property=\"og:locale\" content=\"fr_FR\" \/>\n<meta property=\"og:type\" content=\"article\" \/>\n<meta property=\"og:title\" content=\"coach f\u00e9lin - Comportementaliste chien &amp; chat, Sp\u00e9cialiste de l\u2019anxi\u00e9t\u00e9, du stress et des peurs\" \/>\n<meta property=\"og:description\" content=\"Sp\u00e9cialiste du comportement du chat Votre chat urine en dehors de sa liti\u00e8re ? Il devient agressif ? Se cache en permanence ? Est stress\u00e9 ? En tant que comportementaliste chat, j\u2019accompagne les propri\u00e9taires dans la compr\u00e9hension des troubles comportementaux f\u00e9lins. Les probl\u00e8mes de malpropret\u00e9, d\u2019agressivit\u00e9 ou de stress sont souvent li\u00e9s \u00e0 un d\u00e9s\u00e9quilibre &hellip; Continuer la lecture de &laquo;&nbsp;coach f\u00e9lin&nbsp;&raquo;\" \/>\n<meta property=\"og:url\" content=\"https:\/\/comportementaliste92.com\/index.php\/nos-chats\/\" \/>\n<meta property=\"og:site_name\" content=\"Comportementaliste chien &amp; chat, Sp\u00e9cialiste de l\u2019anxi\u00e9t\u00e9, du stress et des peurs\" \/>\n<meta property=\"article:modified_time\" content=\"2026-03-31T08:46:28+00:00\" \/>\n<meta name=\"twitter:card\" content=\"summary_large_image\" \/>\n<meta name=\"twitter:label1\" content=\"Dur\u00e9e de lecture estim\u00e9e\" \/>\n\t<meta name=\"twitter:data1\" content=\"1 minute\" \/>\n<script type=\"application\/ld+json\" class=\"yoast-schema-graph\">{\"@context\":\"https:\\\/\\\/schema.org\",\"@graph\":[{\"@type\":\"WebPage\",\"@id\":\"https:\\\/\\\/comportementaliste92.com\\\/index.php\\\/nos-chats\\\/\",\"url\":\"https:\\\/\\\/comportementaliste92.com\\\/index.php\\\/nos-chats\\\/\",\"name\":\"coach f\u00e9lin - Comportementaliste chien &amp; chat, Sp\u00e9cialiste de l\u2019anxi\u00e9t\u00e9, du stress et des peurs\",\"isPartOf\":{\"@id\":\"https:\\\/\\\/comportementaliste92.com\\\/#website\"},\"datePublished\":\"2021-10-14T13:35:13+00:00\",\"dateModified\":\"2026-03-31T08:46:28+00:00\",\"breadcrumb\":{\"@id\":\"https:\\\/\\\/comportementaliste92.com\\\/index.php\\\/nos-chats\\\/#breadcrumb\"},\"inLanguage\":\"fr-FR\",\"potentialAction\":[{\"@type\":\"ReadAction\",\"target\":[\"https:\\\/\\\/comportementaliste92.com\\\/index.php\\\/nos-chats\\\/\"]}]},{\"@type\":\"BreadcrumbList\",\"@id\":\"https:\\\/\\\/comportementaliste92.com\\\/index.php\\\/nos-chats\\\/#breadcrumb\",\"itemListElement\":[{\"@type\":\"ListItem\",\"position\":1,\"name\":\"Accueil\",\"item\":\"https:\\\/\\\/comportementaliste92.com\\\/\"},{\"@type\":\"ListItem\",\"position\":2,\"name\":\"coach f\u00e9lin\"}]},{\"@type\":\"WebSite\",\"@id\":\"https:\\\/\\\/comportementaliste92.com\\\/#website\",\"url\":\"https:\\\/\\\/comportementaliste92.com\\\/\",\"name\":\"Comportementaliste chien &amp; chat, Sp\u00e9cialiste de l\u2019anxi\u00e9t\u00e9, du stress et des peurs\",\"description\":\"Praticienne en EMDR Animal\",\"potentialAction\":[{\"@type\":\"SearchAction\",\"target\":{\"@type\":\"EntryPoint\",\"urlTemplate\":\"https:\\\/\\\/comportementaliste92.com\\\/?s={search_term_string}\"},\"query-input\":{\"@type\":\"PropertyValueSpecification\",\"valueRequired\":true,\"valueName\":\"search_term_string\"}}],\"inLanguage\":\"fr-FR\"}]}<\/script>\n<!-- \/ Yoast SEO plugin. -->","yoast_head_json":{"title":"coach f\u00e9lin - Comportementaliste chien &amp; chat, Sp\u00e9cialiste de l\u2019anxi\u00e9t\u00e9, du stress et des peurs","robots":{"index":"index","follow":"follow","max-snippet":"max-snippet:-1","max-image-preview":"max-image-preview:large","max-video-preview":"max-video-preview:-1"},"canonical":"https:\/\/comportementaliste92.com\/index.php\/nos-chats\/","og_locale":"fr_FR","og_type":"article","og_title":"coach f\u00e9lin - Comportementaliste chien &amp; chat, Sp\u00e9cialiste de l\u2019anxi\u00e9t\u00e9, du stress et des peurs","og_description":"Sp\u00e9cialiste du comportement du chat Votre chat urine en dehors de sa liti\u00e8re ? Il devient agressif ? Se cache en permanence ? Est stress\u00e9 ? En tant que comportementaliste chat, j\u2019accompagne les propri\u00e9taires dans la compr\u00e9hension des troubles comportementaux f\u00e9lins. Les probl\u00e8mes de malpropret\u00e9, d\u2019agressivit\u00e9 ou de stress sont souvent li\u00e9s \u00e0 un d\u00e9s\u00e9quilibre &hellip; Continuer la lecture de &laquo;&nbsp;coach f\u00e9lin&nbsp;&raquo;","og_url":"https:\/\/comportementaliste92.com\/index.php\/nos-chats\/","og_site_name":"Comportementaliste chien &amp; chat, Sp\u00e9cialiste de l\u2019anxi\u00e9t\u00e9, du stress et des peurs","article_modified_time":"2026-03-31T08:46:28+00:00","twitter_card":"summary_large_image","twitter_misc":{"Dur\u00e9e de lecture estim\u00e9e":"1 minute"},"schema":{"@context":"https:\/\/schema.org","@graph":[{"@type":"WebPage","@id":"https:\/\/comportementaliste92.com\/index.php\/nos-chats\/","url":"https:\/\/comportementaliste92.com\/index.php\/nos-chats\/","name":"coach f\u00e9lin - Comportementaliste chien &amp; chat, Sp\u00e9cialiste de l\u2019anxi\u00e9t\u00e9, du stress et des peurs","isPartOf":{"@id":"https:\/\/comportementaliste92.com\/#website"},"datePublished":"2021-10-14T13:35:13+00:00","dateModified":"2026-03-31T08:46:28+00:00","breadcrumb":{"@id":"https:\/\/comportementaliste92.com\/index.php\/nos-chats\/#breadcrumb"},"inLanguage":"fr-FR","potentialAction":[{"@type":"ReadAction","target":["https:\/\/comportementaliste92.com\/index.php\/nos-chats\/"]}]},{"@type":"BreadcrumbList","@id":"https:\/\/comportementaliste92.com\/index.php\/nos-chats\/#breadcrumb","itemListElement":[{"@type":"ListItem","position":1,"name":"Accueil","item":"https:\/\/comportementaliste92.com\/"},{"@type":"ListItem","position":2,"name":"coach f\u00e9lin"}]},{"@type":"WebSite","@id":"https:\/\/comportementaliste92.com\/#website","url":"https:\/\/comportementaliste92.com\/","name":"Comportementaliste chien &amp; chat, Sp\u00e9cialiste de l\u2019anxi\u00e9t\u00e9, du stress et des peurs","description":"Praticienne en EMDR Animal","potentialAction":[{"@type":"SearchAction","target":{"@type":"EntryPoint","urlTemplate":"https:\/\/comportementaliste92.com\/?s={search_term_string}"},"query-input":{"@type":"PropertyValueSpecification","valueRequired":true,"valueName":"search_term_string"}}],"inLanguage":"fr-FR"}]}},"_links":{"self":[{"href":"https:\/\/comportementaliste92.com\/index.php\/wp-json\/wp\/v2\/pages\/61","targetHints":{"allow":["GET"]}}],"collection":[{"href":"https:\/\/comportementaliste92.com\/index.php\/wp-json\/wp\/v2\/pages"}],"about":[{"href":"https:\/\/comportementaliste92.com\/index.php\/wp-json\/wp\/v2\/types\/page"}],"author":[{"embeddable":true,"href":"https:\/\/comportementaliste92.com\/index.php\/wp-json\/wp\/v2\/users\/1"}],"replies":[{"embeddable":true,"href":"https:\/\/comportementaliste92.com\/index.php\/wp-json\/wp\/v2\/comments?post=61"}],"version-history":[{"count":17,"href":"https:\/\/comportementaliste92.com\/index.php\/wp-json\/wp\/v2\/pages\/61\/revisions"}],"predecessor-version":[{"id":681,"href":"https:\/\/comportementaliste92.com\/index.php\/wp-json\/wp\/v2\/pages\/61\/revisions\/681"}],"wp:attachment":[{"href":"https:\/\/comportementaliste92.com\/index.php\/wp-json\/wp\/v2\/media?parent=61"}],"curies":[{"name":"wp","href":"https:\/\/api.w.org\/{rel}","templated":true}]}}