{"id":60,"date":"2021-10-14T15:35:13","date_gmt":"2021-10-14T13:35:13","guid":{"rendered":"http:\/\/comportementaliste92.com\/?page_id=60"},"modified":"2026-03-31T10:45:24","modified_gmt":"2026-03-31T08:45:24","slug":"nos-chiens","status":"publish","type":"page","link":"https:\/\/comportementaliste92.com\/index.php\/nos-chiens\/","title":{"rendered":"Coach canin"},"content":{"rendered":"\n<h2 class=\"wp-block-heading\">Comportementaliste chien <\/h2>\n\n\n\n<p>En tant que Comportementaliste chien, j\u2019interviens aupr\u00e8s des familles confront\u00e9es \u00e0 des difficult\u00e9s telles que l&rsquo;anxi\u00e9t\u00e9, le stress, les phobies, l\u2019anxi\u00e9t\u00e9 de s\u00e9paration, l\u2019agressivit\u00e9, les aboiements excessifs ou les comportements destructeurs.<\/p>\n\n\n\n<p>Je me d\u00e9place \u00e0 votre domicile pour observer votre chien dans son environnement quotidien. Cette analyse permet d\u2019identifier les causes profondes du comportement et de mettre en place un plan d\u2019accompagnement adapt\u00e9.<\/p>\n\n\n\n<p>Chaque chien est unique. Mon r\u00f4le de comportementaliste est de vous aider \u00e0 comprendre ses besoins \u00e9motionnels et comportementaux afin de restaurer l\u2019\u00e9quilibre au sein du foyer.<\/p>\n\n\n\n<p><\/p>\n\n\n\n<p><strong>Bilan comportemental<\/strong>&nbsp;<strong>(1h30 \u2013 2h00):  120 \u20ac<\/strong><\/p>\n\n\n\n<p><strong>S\u00e9ance<\/strong>&nbsp; <strong>r\u00e9\u00e9ducation comportementale (1h00): 60 \u20ac<\/strong><\/p>\n\n\n\n<p><strong>S\u00e9ance EMDR (1h00): 60 \u20ac<\/strong><\/p>\n\n\n\n<p><\/p>\n\n\n\n<p>\ud83d\udccd Zone d\u2019intervention: \u00e0 votre domicile<\/p>\n\n\n\n<p><strong>Ch\u00e2tenay-Malabry + 15 km<\/strong><br>Paris \u2022 Boulogne-Billancourt \u2022 Sceaux \u2022 Antony \u2022 Le Plessis-Robinson \u2022 Verri\u00e8res-le-Buisson \u2022 Fontenay-aux-Roses \u2022 Clamart \u2022 etc.<\/p>\n\n\n\n<p><\/p>\n","protected":false},"excerpt":{"rendered":"<p>Comportementaliste chien En tant que Comportementaliste chien, j\u2019interviens aupr\u00e8s des familles confront\u00e9es \u00e0 des difficult\u00e9s telles que l&rsquo;anxi\u00e9t\u00e9, le stress, les phobies, l\u2019anxi\u00e9t\u00e9 de s\u00e9paration, l\u2019agressivit\u00e9, les aboiements excessifs ou les comportements destructeurs. Je me d\u00e9place \u00e0 votre domicile pour observer votre chien dans son environnement quotidien. Cette analyse permet d\u2019identifier les causes profondes du &hellip; <\/p>\n<p class=\"link-more\"><a href=\"https:\/\/comportementaliste92.com\/index.php\/nos-chiens\/\" class=\"more-link\">Continuer la lecture<span class=\"screen-reader-text\"> de &laquo;&nbsp;Coach canin&nbsp;&raquo;<\/span><\/a><\/p>\n","protected":false},"author":1,"featured_media":0,"parent":0,"menu_order":0,"comment_status":"closed","ping_status":"closed","template":"","meta":{"_monsterinsights_skip_tracking":false,"_monsterinsights_sitenote_active":false,"_monsterinsights_sitenote_note":"","_monsterinsights_sitenote_category":0,"_uf_show_specific_survey":0,"_uf_disable_surveys":false,"footnotes":""},"class_list":["post-60","page","type-page","status-publish","hentry"],"aioseo_notices":[],"yoast_head":"<!-- This site is optimized with the Yoast SEO plugin v27.4 - https:\/\/yoast.com\/product\/yoast-seo-wordpress\/ -->\n<title>Coach canin - Comportementaliste chien &amp; chat, Sp\u00e9cialiste de l\u2019anxi\u00e9t\u00e9, du stress et des peurs<\/title>\n<meta name=\"robots\" content=\"index, follow, max-snippet:-1, max-image-preview:large, max-video-preview:-1\" \/>\n<link rel=\"canonical\" href=\"https:\/\/comportementaliste92.com\/index.php\/nos-chiens\/\" \/>\n<meta property=\"og:locale\" content=\"fr_FR\" \/>\n<meta property=\"og:type\" content=\"article\" \/>\n<meta property=\"og:title\" content=\"Coach canin - Comportementaliste chien &amp; chat, Sp\u00e9cialiste de l\u2019anxi\u00e9t\u00e9, du stress et des peurs\" \/>\n<meta property=\"og:description\" content=\"Comportementaliste chien En tant que Comportementaliste chien, j\u2019interviens aupr\u00e8s des familles confront\u00e9es \u00e0 des difficult\u00e9s telles que l&rsquo;anxi\u00e9t\u00e9, le stress, les phobies, l\u2019anxi\u00e9t\u00e9 de s\u00e9paration, l\u2019agressivit\u00e9, les aboiements excessifs ou les comportements destructeurs. Je me d\u00e9place \u00e0 votre domicile pour observer votre chien dans son environnement quotidien. Cette analyse permet d\u2019identifier les causes profondes du &hellip; Continuer la lecture de &laquo;&nbsp;Coach canin&nbsp;&raquo;\" \/>\n<meta property=\"og:url\" content=\"https:\/\/comportementaliste92.com\/index.php\/nos-chiens\/\" \/>\n<meta property=\"og:site_name\" content=\"Comportementaliste chien &amp; chat, Sp\u00e9cialiste de l\u2019anxi\u00e9t\u00e9, du stress et des peurs\" \/>\n<meta property=\"article:modified_time\" content=\"2026-03-31T08:45:24+00:00\" \/>\n<meta name=\"twitter:card\" content=\"summary_large_image\" \/>\n<meta name=\"twitter:label1\" content=\"Dur\u00e9e de lecture estim\u00e9e\" \/>\n\t<meta name=\"twitter:data1\" content=\"1 minute\" \/>\n<script type=\"application\/ld+json\" class=\"yoast-schema-graph\">{\"@context\":\"https:\\\/\\\/schema.org\",\"@graph\":[{\"@type\":\"WebPage\",\"@id\":\"https:\\\/\\\/comportementaliste92.com\\\/index.php\\\/nos-chiens\\\/\",\"url\":\"https:\\\/\\\/comportementaliste92.com\\\/index.php\\\/nos-chiens\\\/\",\"name\":\"Coach canin - Comportementaliste chien &amp; chat, Sp\u00e9cialiste de l\u2019anxi\u00e9t\u00e9, du stress et des peurs\",\"isPartOf\":{\"@id\":\"https:\\\/\\\/comportementaliste92.com\\\/#website\"},\"datePublished\":\"2021-10-14T13:35:13+00:00\",\"dateModified\":\"2026-03-31T08:45:24+00:00\",\"breadcrumb\":{\"@id\":\"https:\\\/\\\/comportementaliste92.com\\\/index.php\\\/nos-chiens\\\/#breadcrumb\"},\"inLanguage\":\"fr-FR\",\"potentialAction\":[{\"@type\":\"ReadAction\",\"target\":[\"https:\\\/\\\/comportementaliste92.com\\\/index.php\\\/nos-chiens\\\/\"]}]},{\"@type\":\"BreadcrumbList\",\"@id\":\"https:\\\/\\\/comportementaliste92.com\\\/index.php\\\/nos-chiens\\\/#breadcrumb\",\"itemListElement\":[{\"@type\":\"ListItem\",\"position\":1,\"name\":\"Accueil\",\"item\":\"https:\\\/\\\/comportementaliste92.com\\\/\"},{\"@type\":\"ListItem\",\"position\":2,\"name\":\"Coach canin\"}]},{\"@type\":\"WebSite\",\"@id\":\"https:\\\/\\\/comportementaliste92.com\\\/#website\",\"url\":\"https:\\\/\\\/comportementaliste92.com\\\/\",\"name\":\"Comportementaliste chien &amp; chat, Sp\u00e9cialiste de l\u2019anxi\u00e9t\u00e9, du stress et des peurs\",\"description\":\"Praticienne en EMDR Animal\",\"potentialAction\":[{\"@type\":\"SearchAction\",\"target\":{\"@type\":\"EntryPoint\",\"urlTemplate\":\"https:\\\/\\\/comportementaliste92.com\\\/?s={search_term_string}\"},\"query-input\":{\"@type\":\"PropertyValueSpecification\",\"valueRequired\":true,\"valueName\":\"search_term_string\"}}],\"inLanguage\":\"fr-FR\"}]}<\/script>\n<!-- \/ Yoast SEO plugin. -->","yoast_head_json":{"title":"Coach canin - Comportementaliste chien &amp; chat, Sp\u00e9cialiste de l\u2019anxi\u00e9t\u00e9, du stress et des peurs","robots":{"index":"index","follow":"follow","max-snippet":"max-snippet:-1","max-image-preview":"max-image-preview:large","max-video-preview":"max-video-preview:-1"},"canonical":"https:\/\/comportementaliste92.com\/index.php\/nos-chiens\/","og_locale":"fr_FR","og_type":"article","og_title":"Coach canin - Comportementaliste chien &amp; chat, Sp\u00e9cialiste de l\u2019anxi\u00e9t\u00e9, du stress et des peurs","og_description":"Comportementaliste chien En tant que Comportementaliste chien, j\u2019interviens aupr\u00e8s des familles confront\u00e9es \u00e0 des difficult\u00e9s telles que l&rsquo;anxi\u00e9t\u00e9, le stress, les phobies, l\u2019anxi\u00e9t\u00e9 de s\u00e9paration, l\u2019agressivit\u00e9, les aboiements excessifs ou les comportements destructeurs. Je me d\u00e9place \u00e0 votre domicile pour observer votre chien dans son environnement quotidien. Cette analyse permet d\u2019identifier les causes profondes du &hellip; Continuer la lecture de &laquo;&nbsp;Coach canin&nbsp;&raquo;","og_url":"https:\/\/comportementaliste92.com\/index.php\/nos-chiens\/","og_site_name":"Comportementaliste chien &amp; chat, Sp\u00e9cialiste de l\u2019anxi\u00e9t\u00e9, du stress et des peurs","article_modified_time":"2026-03-31T08:45:24+00:00","twitter_card":"summary_large_image","twitter_misc":{"Dur\u00e9e de lecture estim\u00e9e":"1 minute"},"schema":{"@context":"https:\/\/schema.org","@graph":[{"@type":"WebPage","@id":"https:\/\/comportementaliste92.com\/index.php\/nos-chiens\/","url":"https:\/\/comportementaliste92.com\/index.php\/nos-chiens\/","name":"Coach canin - Comportementaliste chien &amp; chat, Sp\u00e9cialiste de l\u2019anxi\u00e9t\u00e9, du stress et des peurs","isPartOf":{"@id":"https:\/\/comportementaliste92.com\/#website"},"datePublished":"2021-10-14T13:35:13+00:00","dateModified":"2026-03-31T08:45:24+00:00","breadcrumb":{"@id":"https:\/\/comportementaliste92.com\/index.php\/nos-chiens\/#breadcrumb"},"inLanguage":"fr-FR","potentialAction":[{"@type":"ReadAction","target":["https:\/\/comportementaliste92.com\/index.php\/nos-chiens\/"]}]},{"@type":"BreadcrumbList","@id":"https:\/\/comportementaliste92.com\/index.php\/nos-chiens\/#breadcrumb","itemListElement":[{"@type":"ListItem","position":1,"name":"Accueil","item":"https:\/\/comportementaliste92.com\/"},{"@type":"ListItem","position":2,"name":"Coach canin"}]},{"@type":"WebSite","@id":"https:\/\/comportementaliste92.com\/#website","url":"https:\/\/comportementaliste92.com\/","name":"Comportementaliste chien &amp; chat, Sp\u00e9cialiste de l\u2019anxi\u00e9t\u00e9, du stress et des peurs","description":"Praticienne en EMDR Animal","potentialAction":[{"@type":"SearchAction","target":{"@type":"EntryPoint","urlTemplate":"https:\/\/comportementaliste92.com\/?s={search_term_string}"},"query-input":{"@type":"PropertyValueSpecification","valueRequired":true,"valueName":"search_term_string"}}],"inLanguage":"fr-FR"}]}},"_links":{"self":[{"href":"https:\/\/comportementaliste92.com\/index.php\/wp-json\/wp\/v2\/pages\/60","targetHints":{"allow":["GET"]}}],"collection":[{"href":"https:\/\/comportementaliste92.com\/index.php\/wp-json\/wp\/v2\/pages"}],"about":[{"href":"https:\/\/comportementaliste92.com\/index.php\/wp-json\/wp\/v2\/types\/page"}],"author":[{"embeddable":true,"href":"https:\/\/comportementaliste92.com\/index.php\/wp-json\/wp\/v2\/users\/1"}],"replies":[{"embeddable":true,"href":"https:\/\/comportementaliste92.com\/index.php\/wp-json\/wp\/v2\/comments?post=60"}],"version-history":[{"count":24,"href":"https:\/\/comportementaliste92.com\/index.php\/wp-json\/wp\/v2\/pages\/60\/revisions"}],"predecessor-version":[{"id":680,"href":"https:\/\/comportementaliste92.com\/index.php\/wp-json\/wp\/v2\/pages\/60\/revisions\/680"}],"wp:attachment":[{"href":"https:\/\/comportementaliste92.com\/index.php\/wp-json\/wp\/v2\/media?parent=60"}],"curies":[{"name":"wp","href":"https:\/\/api.w.org\/{rel}","templated":true}]}}